{"id":933,"date":"2025-06-05T12:33:15","date_gmt":"2025-06-05T12:33:15","guid":{"rendered":"https:\/\/foreldreplanlegger.no\/?page_id=933"},"modified":"2026-01-12T13:50:48","modified_gmt":"2026-01-12T13:50:48","slug":"samarbeidspartner","status":"publish","type":"page","link":"https:\/\/foreldreplanlegger.no\/index.php\/samarbeidspartner\/","title":{"rendered":"Samarbeidspartnere"},"content":{"rendered":"<p>[et_pb_section fb_built=&#8221;1&#8243; fullwidth=&#8221;on&#8221; _builder_version=&#8221;4.27.4&#8243; _module_preset=&#8221;_initial&#8221; background_enable_image=&#8221;off&#8221; global_colors_info=&#8221;{}&#8221;][et_pb_fullwidth_header title=&#8221;Foreldreplanlegger inng\u00e5r samarbeid med samtaleterapaut Martina Mezansky&#8221; subhead=&#8221;Martina Meszansky er utdannet parterapeut og samtaleterapeut med mange \u00e5rs erfaring i \u00e5 m\u00f8te mennesker i ulike livsfaser. Hun har en bakgrunn fra psykoterapi i psykosyntese \u2013 en tiln\u00e6rming som ser hele mennesket og legger vekt p\u00e5 personlig utvikling, balanse og forst\u00e5else.<br \/>\nMartina tilbyr b\u00e5de parterapi og individuell terapi , og hjelper mennesker som \u00f8nsker bedre kommunikasjon, trygghet og n\u00e6rhet i relasjonene sine. Mange opps\u00f8ker henne i perioder med livsendringer, samlivsutfordringer, stress eller \u00f8nske om mer klarhet i egne valg. Hun m\u00f8ter alle med varme, respekt og et ekte engasjement for \u00e5 skape varig endring.<br \/>\nGjennom samarbeidet med Time4Kids bidrar Martina med relasjonsst\u00f8tte og r\u00e5dgivning til foreldre og par som \u00f8nsker \u00e5 f\u00e5 samarbeidet til \u00e5 fungere bedre \u2013 ogs\u00e5 etter samlivsbrudd. Samtalene kan foreg\u00e5 i Oslo eller p\u00e5 nett, og fokuset er \u00e5 styrke kommunikasjonen, redusere konflikter og skape et tryggere utgangspunkt for b\u00e5de voksne og barn.<br \/>\nVelkommen til \u00e5 bestille time \u2013 enten du \u00f8nsker \u00e5 jobbe med forholdet ditt eller deg selv.<br \/>\nLes mer p\u00e5 www.meszansky.no<\/p>\n<p>&#8221; button_one_text=&#8221;Les mer om samtaleterapi hos meszansky.no&#8221; button_one_url=&#8221;https:\/\/www.meszansky.no\/&#8221; _builder_version=&#8221;4.27.5&#8243; _module_preset=&#8221;default&#8221; background_color=&#8221;rgba(34,109,183,0.52)&#8221; use_background_color_gradient=&#8221;on&#8221; background_color_gradient_stops=&#8221;#5fa0d8 34%|#FFFFFF 100%&#8221; custom_button_one=&#8221;on&#8221; button_one_text_color=&#8221;#0C71C3&#8243; button_one_bg_color=&#8221;#FFFFFF&#8221; custom_padding=&#8221;||17px|||&#8221; hover_enabled=&#8221;0&#8243; global_colors_info=&#8221;{}&#8221; sticky_enabled=&#8221;0&#8243;]<\/p>\n<p><img loading=\"lazy\" decoding=\"async\" src=\"https:\/\/foreldreplanlegger.no\/wp-content\/uploads\/2026\/01\/martina-2021-240x300.webp\" width=\"240\" height=\"300\" alt=\"\" class=\"wp-image-1066 alignright size-medium\" \/><\/p>\n<p>[\/et_pb_fullwidth_header][et_pb_fullwidth_header title=&#8221;Foreldreplanlegger inng\u00e5r samarbeid med Advokatfirmaet BRO&#8221; subhead=&#8221;For \u00e5 kunne tilby et mer helhetlig st\u00f8tteapparat til foreldre i konflikt, har vi inng\u00e5tt et samarbeid med Advokatfirmaet BRO. De er et ledende fagmilj\u00f8 innen familierett, arv og mekling.&#8221; button_one_text=&#8221;Les mer om mekling hos BRO&#8221; button_one_url=&#8221;https:\/\/www.familieadvokatene.no\/&#8221; _builder_version=&#8221;4.27.4&#8243; _module_preset=&#8221;default&#8221; background_color=&#8221;rgba(34,109,183,0.52)&#8221; use_background_color_gradient=&#8221;on&#8221; background_color_gradient_stops=&#8221;#5fa0d8 34%|#FFFFFF 100%&#8221; custom_button_one=&#8221;on&#8221; button_one_text_color=&#8221;#0C71C3&#8243; button_one_bg_color=&#8221;#FFFFFF&#8221; custom_padding=&#8221;||17px|||&#8221; global_colors_info=&#8221;{}&#8221;][\/et_pb_fullwidth_header][\/et_pb_section][et_pb_section fb_built=&#8221;1&#8243; _builder_version=&#8221;4.27.4&#8243; _module_preset=&#8221;default&#8221; custom_padding=&#8221;20px|||||&#8221; global_colors_info=&#8221;{}&#8221;][et_pb_row column_structure=&#8221;1_3,1_3,1_3&#8243; _builder_version=&#8221;4.27.4&#8243; _module_preset=&#8221;default&#8221; global_colors_info=&#8221;{}&#8221;][et_pb_column type=&#8221;1_3&#8243; _builder_version=&#8221;4.27.4&#8243; _module_preset=&#8221;default&#8221; global_colors_info=&#8221;{}&#8221;][et_pb_text _builder_version=&#8221;4.27.4&#8243; _module_preset=&#8221;default&#8221; global_colors_info=&#8221;{}&#8221;]<\/p>\n<p><strong>Samarbeid med Advokatfirmaet BRO<\/strong><\/p>\n<p>For \u00e5 kunne tilby et mer helhetlig st\u00f8tteapparat til foreldre i konflikt, har vi inng\u00e5tt et samarbeid med Advokatfirmaet BRO. De er et ledende fagmilj\u00f8 innen familierett, arv og mekling. Meklerne i BRO har bred erfaring med \u00e5 bist\u00e5 foreldre i utfordrende samlivsbrudd<br \/>og foreldretvister, og de deler v\u00e5rt engasjement for \u00e5 skjerme barna og styrke samarbeidet mellom foreldrene.<\/p>\n<p><img loading=\"lazy\" decoding=\"async\" src=\"https:\/\/foreldreplanlegger.no\/wp-content\/uploads\/2025\/06\/LOGO-endelav-bro-300x300.jpg\" width=\"300\" height=\"300\" alt=\"\" class=\"wp-image-942 aligncenter size-medium\" \/><\/p>\n<p>[\/et_pb_text][\/et_pb_column][et_pb_column type=&#8221;1_3&#8243; _builder_version=&#8221;4.27.4&#8243; _module_preset=&#8221;default&#8221; global_colors_info=&#8221;{}&#8221;][et_pb_text _builder_version=&#8221;4.27.4&#8243; _module_preset=&#8221;default&#8221; global_colors_info=&#8221;{}&#8221;]<\/p>\n<p><strong>En helhetlig l\u00f8sning med b\u00e5de juridisk kompetanse og praktiske verkt\u00f8y<\/strong><\/p>\n<p data-start=\"125\" data-end=\"339\">Foreldre f\u00e5r n\u00e5 tilgang til juridisk r\u00e5dgivning og profesjonell mekling hos Advokatfirmaet BRO, kombinert med v\u00e5re digitale verkt\u00f8y, en helhetlig l\u00f8sning som st\u00f8tter b\u00e5de i rettsprosessen og hverdagen etter brudd.<\/p>\n<p data-start=\"341\" data-end=\"482\">Meklingen tilbys fysisk og digitalt, og tilpasses familiens behov. Ved behov setter BRO sammen et tverrfaglig team for best mulig h\u00e5ndtering.<\/p>\n<p data-start=\"341\" data-end=\"482\"><img loading=\"lazy\" decoding=\"async\" src=\"https:\/\/foreldreplanlegger.no\/wp-content\/uploads\/2025\/06\/image-300x208.png\" width=\"300\" height=\"208\" alt=\"\" class=\"wp-image-941 aligncenter size-medium\" \/><\/p>\n<p>[\/et_pb_text][\/et_pb_column][et_pb_column type=&#8221;1_3&#8243; _builder_version=&#8221;4.27.4&#8243; _module_preset=&#8221;default&#8221; global_colors_info=&#8221;{}&#8221;][et_pb_text _builder_version=&#8221;4.27.4&#8243; _module_preset=&#8221;default&#8221; global_colors_info=&#8221;{}&#8221;]<\/p>\n<p><strong>Vi deler en felles visjon: Tryggere rammer for barna og bedre samarbeid mellom foreldre<\/strong><\/p>\n<p>B\u00e5de Foreldreplanlegger og Advokatfirmaet BRO jobber for \u00e5 redusere konfliktniv\u00e5et og skape trygge rammer for barna. Gjennom faglig forankret mekling og praktiske verkt\u00f8y \u00f8nsker vi \u00e5 legge til rette for l\u00f8sninger som varer over tid, b\u00e5de juridisk og menneskelig.<\/p>\n<p>Sammen gj\u00f8r vi det enklere for foreldre \u00e5 samarbeide bedre &#8211; til det beste for barna.<\/p>\n<p><img loading=\"lazy\" decoding=\"async\" src=\"https:\/\/foreldreplanlegger.no\/wp-content\/uploads\/2025\/06\/Familieadvokatene-ved-advokatfirmaet-bro-har-kundemote-300x200.png\" width=\"300\" height=\"200\" alt=\"\" class=\"wp-image-940 aligncenter size-medium\" \/><\/p>\n<p>[\/et_pb_text][\/et_pb_column][\/et_pb_row][\/et_pb_section][et_pb_section fb_built=&#8221;1&#8243; disabled_on=&#8221;off|off|off&#8221; admin_label=&#8221;Sponsors Logos&#8221; _builder_version=&#8221;4.27.4&#8243; _module_preset=&#8221;default&#8221; custom_padding=&#8221;13px|||||&#8221; top_divider_style=&#8221;triangle&#8221; top_divider_color=&#8221;RGBA(12,113,195,0.52)&#8221; top_divider_height=&#8221;7px&#8221; animation_style=&#8221;slide&#8221; global_colors_info=&#8221;{}&#8221;][et_pb_row _builder_version=&#8221;4.18.0&#8243; _module_preset=&#8221;5138c454-be54-4233-bd3b-f8e6a8747976&#8243; custom_padding=&#8221;10px||7px|||&#8221; global_colors_info=&#8221;{}&#8221;][et_pb_column type=&#8221;4_4&#8243; _builder_version=&#8221;4.16&#8243; _module_preset=&#8221;73121f80-a3ef-4484-8763-c3f18e3c56d2&#8243; global_colors_info=&#8221;{}&#8221;][et_pb_heading title=&#8221;V\u00e5re samarbeidspartnere&#8221; _builder_version=&#8221;4.27.4&#8243; _module_preset=&#8221;f78c57c5-b9a6-4d77-8ebf-9bf413702100&#8243; title_level=&#8221;h2&#8243; title_font=&#8221;|Abril Fatface_weight|||||||&#8221; title_text_align=&#8221;center&#8221; title_text_color=&#8221;rgba(0,0,0,0.53)&#8221; title_font_size=&#8221;34px&#8221; title_line_height=&#8221;1.2em&#8221; custom_margin=&#8221;||10px||false|false&#8221; title_font_size_tablet=&#8221;28px&#8221; title_font_size_phone=&#8221;20px&#8221; locked=&#8221;off&#8221;][\/et_pb_heading][\/et_pb_column][\/et_pb_row][et_pb_row column_structure=&#8221;1_6,1_6,1_6,1_6,1_6,1_6&#8243; disabled_on=&#8221;on|on|off&#8221; _builder_version=&#8221;4.27.4&#8243; _module_preset=&#8221;default&#8221; width=&#8221;100%&#8221; global_colors_info=&#8221;{}&#8221;][et_pb_column type=&#8221;1_6&#8243; _builder_version=&#8221;4.24.3&#8243; _module_preset=&#8221;default&#8221; global_colors_info=&#8221;{}&#8221;][et_pb_image src=&#8221;https:\/\/foreldreplanlegger.no\/wp-content\/uploads\/2024\/10\/Logo-Daxap.jpg&#8221; title_text=&#8221;Logo Daxap&#8221; url=&#8221;https:\/\/www.daxap.io\/&#8221; align=&#8221;center&#8221; _builder_version=&#8221;4.27.2&#8243; _module_preset=&#8221;default&#8221; max_height=&#8221;961px&#8221; border_radii=&#8221;on|6px|6px|6px|6px&#8221; global_colors_info=&#8221;{}&#8221;][\/et_pb_image][\/et_pb_column][et_pb_column type=&#8221;1_6&#8243; _builder_version=&#8221;4.24.3&#8243; _module_preset=&#8221;default&#8221; global_colors_info=&#8221;{}&#8221;][et_pb_image src=&#8221;https:\/\/foreldreplanlegger.no\/wp-content\/uploads\/2024\/10\/blatt_kompetansesenter.png&#8221; title_text=&#8221;bla\u030att_kompetansesenter&#8221; url=&#8221;https:\/\/bksnorge.no\/&#8221; align=&#8221;center&#8221; _builder_version=&#8221;4.27.2&#8243; _module_preset=&#8221;default&#8221; border_radii=&#8221;on|6px|6px|6px|6px&#8221; locked=&#8221;off&#8221; global_colors_info=&#8221;{}&#8221;][\/et_pb_image][\/et_pb_column][et_pb_column type=&#8221;1_6&#8243; _builder_version=&#8221;4.24.3&#8243; _module_preset=&#8221;default&#8221; global_colors_info=&#8221;{}&#8221;][et_pb_image src=&#8221;https:\/\/foreldreplanlegger.no\/wp-content\/uploads\/2024\/10\/Connect.jpg&#8221; title_text=&#8221;Connect&#8221; url=&#8221;https:\/\/www.connectmidt.no\/&#8221; _builder_version=&#8221;4.27.4&#8243; _module_preset=&#8221;default&#8221; border_radii=&#8221;on|6px|6px|6px|6px&#8221; locked=&#8221;off&#8221; global_colors_info=&#8221;{}&#8221;][\/et_pb_image][\/et_pb_column][et_pb_column type=&#8221;1_6&#8243; _builder_version=&#8221;4.24.3&#8243; _module_preset=&#8221;default&#8221; global_colors_info=&#8221;{}&#8221;][et_pb_image src=&#8221;https:\/\/foreldreplanlegger.no\/wp-content\/uploads\/2024\/10\/FERD.png&#8221; title_text=&#8221;FERD&#8221; url=&#8221;https:\/\/ferd.no\/&#8221; _builder_version=&#8221;4.27.4&#8243; _module_preset=&#8221;default&#8221; border_radii=&#8221;on|6px|6px|6px|6px&#8221; locked=&#8221;off&#8221; global_colors_info=&#8221;{}&#8221;][\/et_pb_image][\/et_pb_column][et_pb_column type=&#8221;1_6&#8243; _builder_version=&#8221;4.24.3&#8243; _module_preset=&#8221;default&#8221; global_colors_info=&#8221;{}&#8221;][et_pb_image src=&#8221;https:\/\/foreldreplanlegger.no\/wp-content\/uploads\/2024\/10\/Logo-Naeringshagen.png&#8221; title_text=&#8221;Logo N\u00e6ringshagen&#8221; url=&#8221;https:\/\/nhhf.no\/&#8221; align=&#8221;center&#8221; _builder_version=&#8221;4.27.4&#8243; _module_preset=&#8221;default&#8221; custom_padding=&#8221;|0px||||&#8221; border_radii=&#8221;on|6px|6px|6px|6px&#8221; locked=&#8221;off&#8221; global_colors_info=&#8221;{}&#8221;][\/et_pb_image][\/et_pb_column][et_pb_column type=&#8221;1_6&#8243; _builder_version=&#8221;4.24.3&#8243; _module_preset=&#8221;default&#8221; global_colors_info=&#8221;{}&#8221;][et_pb_image src=&#8221;https:\/\/foreldreplanlegger.no\/wp-content\/uploads\/2025\/06\/Logo-firkant.png&#8221; title_text=&#8221;Logo firkant&#8221; url=&#8221;https:\/\/www.trondelagsparebank.no\/ombanken\/Ansatte&#8221; url_new_window=&#8221;on&#8221; align=&#8221;center&#8221; _builder_version=&#8221;4.27.4&#8243; _module_preset=&#8221;default&#8221; border_radii=&#8221;on|6px|6px|6px|6px&#8221; locked=&#8221;off&#8221; global_colors_info=&#8221;{}&#8221;][\/et_pb_image][\/et_pb_column][\/et_pb_row][et_pb_row column_structure=&#8221;1_6,1_6,1_6,1_6,1_6,1_6&#8243; disabled_on=&#8221;on|on|off&#8221; _builder_version=&#8221;4.27.4&#8243; _module_preset=&#8221;default&#8221; width=&#8221;100%&#8221; global_colors_info=&#8221;{}&#8221;][et_pb_column type=&#8221;1_6&#8243; _builder_version=&#8221;4.24.3&#8243; _module_preset=&#8221;default&#8221; global_colors_info=&#8221;{}&#8221;][\/et_pb_column][et_pb_column type=&#8221;1_6&#8243; _builder_version=&#8221;4.24.3&#8243; _module_preset=&#8221;default&#8221; global_colors_info=&#8221;{}&#8221;][\/et_pb_column][et_pb_column type=&#8221;1_6&#8243; _builder_version=&#8221;4.24.3&#8243; _module_preset=&#8221;default&#8221; global_colors_info=&#8221;{}&#8221;][et_pb_image src=&#8221;https:\/\/foreldreplanlegger.no\/wp-content\/uploads\/2024\/10\/bbdc51_5e1b0d4a974e4eafbcb77fc742565d7amv2.webp&#8221; title_text=&#8221;bbdc51_5e1b0d4a974e4eafbcb77fc742565d7a~mv2&#8243; url=&#8221;https:\/\/www.connectmidt.no\/&#8221; _builder_version=&#8221;4.27.4&#8243; _module_preset=&#8221;default&#8221; border_radii=&#8221;on|6px|6px|6px|6px&#8221; locked=&#8221;off&#8221; global_colors_info=&#8221;{}&#8221;][\/et_pb_image][\/et_pb_column][et_pb_column type=&#8221;1_6&#8243; _builder_version=&#8221;4.24.3&#8243; _module_preset=&#8221;default&#8221; global_colors_info=&#8221;{}&#8221;][et_pb_image src=&#8221;https:\/\/foreldreplanlegger.no\/wp-content\/uploads\/2024\/10\/Innovasjon_Norge_Logo.svg&#8221; title_text=&#8221;Innovasjon_Norge_Logo&#8221; url=&#8221;https:\/\/ferd.no\/&#8221; _builder_version=&#8221;4.27.4&#8243; _module_preset=&#8221;default&#8221; border_radii=&#8221;on|6px|6px|6px|6px&#8221; locked=&#8221;off&#8221; global_colors_info=&#8221;{}&#8221;][\/et_pb_image][\/et_pb_column][et_pb_column type=&#8221;1_6&#8243; _builder_version=&#8221;4.24.3&#8243; _module_preset=&#8221;default&#8221; global_colors_info=&#8221;{}&#8221;][\/et_pb_column][et_pb_column type=&#8221;1_6&#8243; _builder_version=&#8221;4.24.3&#8243; _module_preset=&#8221;default&#8221; global_colors_info=&#8221;{}&#8221;][\/et_pb_column][\/et_pb_row][\/et_pb_section]<\/p>\n","protected":false},"excerpt":{"rendered":"<p>Samarbeid med Advokatfirmaet BRO For \u00e5 kunne tilby et mer helhetlig st\u00f8tteapparat til foreldre i konflikt, har vi inng\u00e5tt et samarbeid med Advokatfirmaet BRO. De er et ledende fagmilj\u00f8 innen familierett, arv og mekling. Meklerne i BRO har bred erfaring med \u00e5 bist\u00e5 foreldre i utfordrende samlivsbruddog foreldretvister, og de deler v\u00e5rt engasjement for \u00e5 [&hellip;]<\/p>\n","protected":false},"author":5,"featured_media":0,"parent":0,"menu_order":0,"comment_status":"closed","ping_status":"closed","template":"","meta":{"_et_pb_use_builder":"on","_et_pb_old_content":"","_et_gb_content_width":"","footnotes":""},"class_list":["post-933","page","type-page","status-publish","hentry"],"yoast_head":"<!-- This site is optimized with the Yoast SEO plugin v25.0 - https:\/\/yoast.com\/wordpress\/plugins\/seo\/ -->\n<title>Samarbeidspartnere - Foreldreplanlegger<\/title>\n<meta name=\"robots\" content=\"index, follow, max-snippet:-1, max-image-preview:large, max-video-preview:-1\" \/>\n<link rel=\"canonical\" href=\"https:\/\/foreldreplanlegger.no\/index.php\/samarbeidspartner\/\" \/>\n<meta property=\"og:locale\" content=\"en_US\" \/>\n<meta property=\"og:type\" content=\"article\" \/>\n<meta property=\"og:title\" content=\"Samarbeidspartnere - Foreldreplanlegger\" \/>\n<meta property=\"og:description\" content=\"Samarbeid med Advokatfirmaet BRO For \u00e5 kunne tilby et mer helhetlig st\u00f8tteapparat til foreldre i konflikt, har vi inng\u00e5tt et samarbeid med Advokatfirmaet BRO. De er et ledende fagmilj\u00f8 innen familierett, arv og mekling. Meklerne i BRO har bred erfaring med \u00e5 bist\u00e5 foreldre i utfordrende samlivsbruddog foreldretvister, og de deler v\u00e5rt engasjement for \u00e5 [&hellip;]\" \/>\n<meta property=\"og:url\" content=\"https:\/\/foreldreplanlegger.no\/index.php\/samarbeidspartner\/\" \/>\n<meta property=\"og:site_name\" content=\"Foreldreplanlegger\" \/>\n<meta property=\"article:publisher\" content=\"https:\/\/www.facebook.com\/profile.php?id=100081167092688\" \/>\n<meta property=\"article:modified_time\" content=\"2026-01-12T13:50:48+00:00\" \/>\n<meta property=\"og:image\" content=\"https:\/\/foreldreplanlegger.no\/wp-content\/uploads\/2026\/01\/martina-2021.webp\" \/>\n\t<meta property=\"og:image:width\" content=\"800\" \/>\n\t<meta property=\"og:image:height\" content=\"1000\" \/>\n\t<meta property=\"og:image:type\" content=\"image\/webp\" \/>\n<meta name=\"twitter:card\" content=\"summary_large_image\" \/>\n<meta name=\"twitter:label1\" content=\"Est. reading time\" \/>\n\t<meta name=\"twitter:data1\" content=\"3 minutes\" \/>\n<script type=\"application\/ld+json\" class=\"yoast-schema-graph\">{\"@context\":\"https:\/\/schema.org\",\"@graph\":[{\"@type\":\"WebPage\",\"@id\":\"https:\/\/foreldreplanlegger.no\/index.php\/samarbeidspartner\/\",\"url\":\"https:\/\/foreldreplanlegger.no\/index.php\/samarbeidspartner\/\",\"name\":\"Samarbeidspartnere - Foreldreplanlegger\",\"isPartOf\":{\"@id\":\"https:\/\/foreldreplanlegger.no\/#website\"},\"primaryImageOfPage\":{\"@id\":\"https:\/\/foreldreplanlegger.no\/index.php\/samarbeidspartner\/#primaryimage\"},\"image\":{\"@id\":\"https:\/\/foreldreplanlegger.no\/index.php\/samarbeidspartner\/#primaryimage\"},\"thumbnailUrl\":\"https:\/\/foreldreplanlegger.no\/wp-content\/uploads\/2026\/01\/martina-2021-240x300.webp\",\"datePublished\":\"2025-06-05T12:33:15+00:00\",\"dateModified\":\"2026-01-12T13:50:48+00:00\",\"breadcrumb\":{\"@id\":\"https:\/\/foreldreplanlegger.no\/index.php\/samarbeidspartner\/#breadcrumb\"},\"inLanguage\":\"en-US\",\"potentialAction\":[{\"@type\":\"ReadAction\",\"target\":[\"https:\/\/foreldreplanlegger.no\/index.php\/samarbeidspartner\/\"]}]},{\"@type\":\"ImageObject\",\"inLanguage\":\"en-US\",\"@id\":\"https:\/\/foreldreplanlegger.no\/index.php\/samarbeidspartner\/#primaryimage\",\"url\":\"https:\/\/foreldreplanlegger.no\/wp-content\/uploads\/2026\/01\/martina-2021.webp\",\"contentUrl\":\"https:\/\/foreldreplanlegger.no\/wp-content\/uploads\/2026\/01\/martina-2021.webp\",\"width\":800,\"height\":1000},{\"@type\":\"BreadcrumbList\",\"@id\":\"https:\/\/foreldreplanlegger.no\/index.php\/samarbeidspartner\/#breadcrumb\",\"itemListElement\":[{\"@type\":\"ListItem\",\"position\":1,\"name\":\"Home\",\"item\":\"https:\/\/foreldreplanlegger.no\/\"},{\"@type\":\"ListItem\",\"position\":2,\"name\":\"Samarbeidspartnere\"}]},{\"@type\":\"WebSite\",\"@id\":\"https:\/\/foreldreplanlegger.no\/#website\",\"url\":\"https:\/\/foreldreplanlegger.no\/\",\"name\":\"Foreldreplanlegger\",\"description\":\"\",\"publisher\":{\"@id\":\"https:\/\/foreldreplanlegger.no\/#organization\"},\"potentialAction\":[{\"@type\":\"SearchAction\",\"target\":{\"@type\":\"EntryPoint\",\"urlTemplate\":\"https:\/\/foreldreplanlegger.no\/?s={search_term_string}\"},\"query-input\":{\"@type\":\"PropertyValueSpecification\",\"valueRequired\":true,\"valueName\":\"search_term_string\"}}],\"inLanguage\":\"en-US\"},{\"@type\":\"Organization\",\"@id\":\"https:\/\/foreldreplanlegger.no\/#organization\",\"name\":\"Foreldreplanlegger\",\"url\":\"https:\/\/foreldreplanlegger.no\/\",\"logo\":{\"@type\":\"ImageObject\",\"inLanguage\":\"en-US\",\"@id\":\"https:\/\/foreldreplanlegger.no\/#\/schema\/logo\/image\/\",\"url\":\"https:\/\/foreldreplanlegger.no\/wp-content\/uploads\/2025\/02\/Logo-H512.png\",\"contentUrl\":\"https:\/\/foreldreplanlegger.no\/wp-content\/uploads\/2025\/02\/Logo-H512.png\",\"width\":1332,\"height\":512,\"caption\":\"Foreldreplanlegger\"},\"image\":{\"@id\":\"https:\/\/foreldreplanlegger.no\/#\/schema\/logo\/image\/\"},\"sameAs\":[\"https:\/\/www.facebook.com\/profile.php?id=100081167092688\"]}]}<\/script>\n<!-- \/ Yoast SEO plugin. -->","yoast_head_json":{"title":"Samarbeidspartnere - Foreldreplanlegger","robots":{"index":"index","follow":"follow","max-snippet":"max-snippet:-1","max-image-preview":"max-image-preview:large","max-video-preview":"max-video-preview:-1"},"canonical":"https:\/\/foreldreplanlegger.no\/index.php\/samarbeidspartner\/","og_locale":"en_US","og_type":"article","og_title":"Samarbeidspartnere - Foreldreplanlegger","og_description":"Samarbeid med Advokatfirmaet BRO For \u00e5 kunne tilby et mer helhetlig st\u00f8tteapparat til foreldre i konflikt, har vi inng\u00e5tt et samarbeid med Advokatfirmaet BRO. De er et ledende fagmilj\u00f8 innen familierett, arv og mekling. Meklerne i BRO har bred erfaring med \u00e5 bist\u00e5 foreldre i utfordrende samlivsbruddog foreldretvister, og de deler v\u00e5rt engasjement for \u00e5 [&hellip;]","og_url":"https:\/\/foreldreplanlegger.no\/index.php\/samarbeidspartner\/","og_site_name":"Foreldreplanlegger","article_publisher":"https:\/\/www.facebook.com\/profile.php?id=100081167092688","article_modified_time":"2026-01-12T13:50:48+00:00","og_image":[{"width":800,"height":1000,"url":"https:\/\/foreldreplanlegger.no\/wp-content\/uploads\/2026\/01\/martina-2021.webp","type":"image\/webp"}],"twitter_card":"summary_large_image","twitter_misc":{"Est. reading time":"3 minutes"},"schema":{"@context":"https:\/\/schema.org","@graph":[{"@type":"WebPage","@id":"https:\/\/foreldreplanlegger.no\/index.php\/samarbeidspartner\/","url":"https:\/\/foreldreplanlegger.no\/index.php\/samarbeidspartner\/","name":"Samarbeidspartnere - Foreldreplanlegger","isPartOf":{"@id":"https:\/\/foreldreplanlegger.no\/#website"},"primaryImageOfPage":{"@id":"https:\/\/foreldreplanlegger.no\/index.php\/samarbeidspartner\/#primaryimage"},"image":{"@id":"https:\/\/foreldreplanlegger.no\/index.php\/samarbeidspartner\/#primaryimage"},"thumbnailUrl":"https:\/\/foreldreplanlegger.no\/wp-content\/uploads\/2026\/01\/martina-2021-240x300.webp","datePublished":"2025-06-05T12:33:15+00:00","dateModified":"2026-01-12T13:50:48+00:00","breadcrumb":{"@id":"https:\/\/foreldreplanlegger.no\/index.php\/samarbeidspartner\/#breadcrumb"},"inLanguage":"en-US","potentialAction":[{"@type":"ReadAction","target":["https:\/\/foreldreplanlegger.no\/index.php\/samarbeidspartner\/"]}]},{"@type":"ImageObject","inLanguage":"en-US","@id":"https:\/\/foreldreplanlegger.no\/index.php\/samarbeidspartner\/#primaryimage","url":"https:\/\/foreldreplanlegger.no\/wp-content\/uploads\/2026\/01\/martina-2021.webp","contentUrl":"https:\/\/foreldreplanlegger.no\/wp-content\/uploads\/2026\/01\/martina-2021.webp","width":800,"height":1000},{"@type":"BreadcrumbList","@id":"https:\/\/foreldreplanlegger.no\/index.php\/samarbeidspartner\/#breadcrumb","itemListElement":[{"@type":"ListItem","position":1,"name":"Home","item":"https:\/\/foreldreplanlegger.no\/"},{"@type":"ListItem","position":2,"name":"Samarbeidspartnere"}]},{"@type":"WebSite","@id":"https:\/\/foreldreplanlegger.no\/#website","url":"https:\/\/foreldreplanlegger.no\/","name":"Foreldreplanlegger","description":"","publisher":{"@id":"https:\/\/foreldreplanlegger.no\/#organization"},"potentialAction":[{"@type":"SearchAction","target":{"@type":"EntryPoint","urlTemplate":"https:\/\/foreldreplanlegger.no\/?s={search_term_string}"},"query-input":{"@type":"PropertyValueSpecification","valueRequired":true,"valueName":"search_term_string"}}],"inLanguage":"en-US"},{"@type":"Organization","@id":"https:\/\/foreldreplanlegger.no\/#organization","name":"Foreldreplanlegger","url":"https:\/\/foreldreplanlegger.no\/","logo":{"@type":"ImageObject","inLanguage":"en-US","@id":"https:\/\/foreldreplanlegger.no\/#\/schema\/logo\/image\/","url":"https:\/\/foreldreplanlegger.no\/wp-content\/uploads\/2025\/02\/Logo-H512.png","contentUrl":"https:\/\/foreldreplanlegger.no\/wp-content\/uploads\/2025\/02\/Logo-H512.png","width":1332,"height":512,"caption":"Foreldreplanlegger"},"image":{"@id":"https:\/\/foreldreplanlegger.no\/#\/schema\/logo\/image\/"},"sameAs":["https:\/\/www.facebook.com\/profile.php?id=100081167092688"]}]}},"_links":{"self":[{"href":"https:\/\/foreldreplanlegger.no\/index.php\/wp-json\/wp\/v2\/pages\/933","targetHints":{"allow":["GET"]}}],"collection":[{"href":"https:\/\/foreldreplanlegger.no\/index.php\/wp-json\/wp\/v2\/pages"}],"about":[{"href":"https:\/\/foreldreplanlegger.no\/index.php\/wp-json\/wp\/v2\/types\/page"}],"author":[{"embeddable":true,"href":"https:\/\/foreldreplanlegger.no\/index.php\/wp-json\/wp\/v2\/users\/5"}],"replies":[{"embeddable":true,"href":"https:\/\/foreldreplanlegger.no\/index.php\/wp-json\/wp\/v2\/comments?post=933"}],"version-history":[{"count":17,"href":"https:\/\/foreldreplanlegger.no\/index.php\/wp-json\/wp\/v2\/pages\/933\/revisions"}],"predecessor-version":[{"id":1069,"href":"https:\/\/foreldreplanlegger.no\/index.php\/wp-json\/wp\/v2\/pages\/933\/revisions\/1069"}],"wp:attachment":[{"href":"https:\/\/foreldreplanlegger.no\/index.php\/wp-json\/wp\/v2\/media?parent=933"}],"curies":[{"name":"wp","href":"https:\/\/api.w.org\/{rel}","templated":true}]}}